
-3
Let w(v) be the third derivative of 0 + 0*v**4 + 11*v**2 + 0*v + 0*v**3 - 7/20*v**5. Suppose 9 - 13 = 4*i. Give w(i).
-21
Let k(d) = d**2 + 14*d + 21. Let r(q) = 2*q**3 + 38*q**2 + 93*q - 60. Let v be r(-16). Give k(v).
-3
Let l(y) = -y**3 + 5*y**2 - 2*y + 5. Let m be (-5)/2*(4 + -6). Let s be 1 + m*1/(25/15). Determine l(s).
13
Suppose -4 = -0*z - z. Suppose z*r - 174 = -30. Let d(u) = 13*u + 22*u - 5 - r*u. Give d(-7).
2
Let g(a) = a**2 + 5*a - 2. Let f(w) = -w**2 - 13*w - 20. Let v be f(-11). Let d(j) = -11 + j**v - j + 27 - 19. Let p be d(0). What is g(p)?
-8
Suppose -8*o = -o + 56. Let x = -8 - o. Let t(l) be the third derivative of l**4/24 - 3*l**3/2 - l**2. Calculate t(x).
-9
Let o(g) be the third derivative of g**4/24 + 13*g**3/6 - 417*g**2. Suppose 7*q = 3*q. Suppose 3*l = -q*l. What is o(l)?
13
Let k(y) = y**3 - 5*y**2 + 7*y - 6. Suppose v = -4*a + 542, 4*a - 3*v = -7*v + 548. Let t = a - 203. Let p = 72 + t. Determine k(p).
6
Let j(p) = 14*p - 8 + 1784*p**2 - 889*p**2 - 893*p**2. Calculate j(-11).
80
Let w(c) = -3*c - 1. Let a = 2207 + -2206. Determine w(a).
-4
Let y(n) = n + 1. Let x be 2/((0 - -1)*(-1 + 2)). Suppose r = k + 21, r + k - 27 = x. Suppose 12 = -4*t, 4*h + 0*t = 3*t + r. Give y(h).
5
Let q = 158 + -152. Suppose m = -3*m + 28. Let f(b) = m*b - 21 + 13 - 7*b**2 + 5*b**3 - 4*b**3. Give f(q).
-2
Let i(m) = 2*m**2 - 4*m + 3. Let u be i(3). Let n(r) = -39*r - 1945. Let b be n(-50). Suppose -b + u = -2*s. Let y(q) = 2*q**2 - 2*q - 3. What is y(s)?
9
Let s(u) be the second derivative of -24 - 1/20*u**5 - 1/4*u**4 + 5/2*u**2 + 2/3*u**3 - 2*u. Determine s(-4).
5
Let r = -24 - -26. Let u(t) = -4*t + 2*t**2 + 8 - 2 - 2 - r. Give u(2).
2
Let b(t) = -t + 13. Let f be (1/(-3))/((-1)/(-78)). Let s be 19/2 - 13/f. Give b(s).
3
Let x(s) = s**2 + s - 15. Suppose 0 = 24*i - 15*i - 54. Suppose 2*c = -2, 5*m - 8 = 2*c - i. Determine x(m).
-15
Let m(b) = -12 - 1053*b - 1044*b + 2095*b. Suppose -5*i - 18 = 32. Give m(i).
8
Let w = -24453 + 24446. Let z(a) = -2*a**3 - 13*a**2 + 14*a + 1. What is z(w)?
-48
Let z(x) be the third derivative of -x**7/2520 - 19*x**6/720 - 53*x**5/30 - x**2 + 41. Let q(v) be the third derivative of z(v). Give q(-10).
1
Let n be 2 - (3/3 - 2). Let h(g) = -15*g**3 - 104*g**2 + 39*g + 28. Let u(l) = 8*l**3 + 57*l**2 - 21*l - 15. Let d(m) = 6*h(m) + 11*u(m). Determine d(n).
-15
Suppose 15*q + 23 = -217. Let g(z) = -z**2 - 17*z - 16. Give g(q).
0
Let q be (((-476)/12)/(-7))/((-3)/(-108)). Suppose 13*v = 16*v + q. Let a = v + 67. Let u(j) = 5*j**2 + 2*j + 1. Give u(a).
4
Suppose -6*q + 3 = -3*q, -2*m - 2*q - 18 = 0. Let n = m + 10. Suppose -w = -5*u + 17, -2*w - 16 = -4*u - n*w. Let d(t) = t**3 - 2*t**2 - t + 1. Give d(u).
7
Let y(r) = -3*r**2 - 105*r + 19. Let w be y(-35). Suppose -n - 3 = -2*n. Let u(k) = -16*k**n - 21*k**3 + 11*k**2 + 55*k**3 + k - w*k**3 - 11. Calculate u(11).
0
Let r(h) be the second derivative of -h**4/12 + 5*h**3 - 99*h**2/2 - h - 1241. Give r(4).
5
Suppose -3*r + p = 235, 162 = -2*r - 0*r - 2*p. Let v = 88 + r. Let c be 25/(v + -4) + -1. Let y(h) = -h**2 + 3*h - 2. Calculate y(c).
-6
Let t(m) = -2*m - 2. Suppose -37*q + 38 = -18*q. Suppose -v + 4 = -4*v + q*z, -z - 12 = 2*v. Calculate t(v).
6
Let u(m) = -42*m + 88. Let h(k) = -15*k + 44. Let z(v) = 5*h(v) - 2*u(v). Calculate z(-3).
17
Let z(i) = -3*i**2 - 13*i - 5. Let t = 6774 + -6778. Give z(t).
-1
Let f(x) = 4*x**3 - 2*x**2 + x + 5. Let b be 8/(-10)*175/15*(-84)/(-392). Give f(b).
-37
Let f(d) = 2*d + 42. Let u(g) = -g**3 + 43*g**2 + 9. Let b be u(43). Suppose -175 = -b*m - 355. What is f(m)?
2
Let m(w) = w**3 + 9*w**2 - w - 1. Suppose -4*o + 5*q = -267, -5*q = -3*o - 2*q + 198. Suppose -17*u - 216 = -o. Determine m(u).
8
Let t(q) = -3*q - 40. Let o(h) = -8*h - 109. Let c(l) = 4*o(l) - 11*t(l). Determine c(4).
8
Let l(g) = 7*g - 39. Let x be l(9). Suppose -3*s - 345 - x = 0. Let w = s + 125. Let k(f) = f**3 + f + 1. What is k(w)?
11
Let k(p) = p**3 + 8*p**2 + 10*p + 6. Suppose 2*n - 5*z = 7 - 19, -3*z + 10 = -4*n. Suppose 3*b + 10*b = 73 - 8. Let f = n - b. Determine k(f).
18
Let h(n) = 64*n - 118*n + 54*n - 45 + 42 + n**3 + 9*n**2. Suppose 0 = -0*y - 5*y - 45. What is h(y)?
-3
Let f(t) be the second derivative of t**7/840 - t**6/90 - t**5/60 + 7*t**4/24 - 2*t**3 + 9*t + 1. Let b(o) be the second derivative of f(o). What is b(5)?
22
Suppose 64 = 8*k - 16. Suppose 0 = -z - k*z + 55. Suppose 3 = 5*n - z*h - 32, 4*h + 12 = 0. Let m(c) = -c**2 + 4*c - 3. Give m(n).
-3
Let l be 10/(-5) + 8 + -3. Suppose 2 = -12*j + 11*j - k, 4 = l*j + k. Let u(f) = f**3 - 3*f**2 + f - 2. Determine u(j).
1
Let q be 2*(-7)/(70/(-285)). Let f = -50 + q. Suppose -x - g = -2*x - f, -4*x = -g + 25. Let v(c) = c. Give v(x).
-6
Let c be -2 - -8 - (-4 - -4)/(-5). Suppose -3*o - 50 = 5*v, v = -5*o - c - 4. Let y(d) = d + 10. What is y(v)?
0
Let n(i) be the third derivative of i**6/120 - 2*i**5/15 + 5*i**4/24 - i**3/6 - i**2 - 163*i. Give n(4).
-45
Let a(i) = -i**3 + 22*i**2 + 100*i + 105. Let y be a(26). Let k(x) = -51*x**2 - x + 1. Calculate k(y).
-51
Let y(q) = 5*q - 14*q + 3 - q**2 - 19 + 1. Suppose p = 3*x - 4, x - 20 = -12*p + 15*p. Calculate y(p).
-1
Let o be (112 + -114)*15/10. Let q(t) = -t. Let l(m) = -m. Let z(b) = 5*l(b) - q(b). Calculate z(o).
12
Let o(b) = 7*b - 7. Let g(r) = 2*r - 18. Let u be g(6). Let k(y) = -y. Let d(l) = u*k(l) - o(l). Give d(-7).
14
Let p(w) = w**2 + 7*w - 17. Let i be ((-196)/(-42))/((-4)/6) + -8 + 4. Determine p(i).
27
Let p(k) = -k**3 - 35*k**2 + 113*k - 52. Let f = 24345 + -24383. Give p(f).
-14
Let h(p) be the second derivative of p**5/20 - 3*p**4/2 + p**3/2 + 17*p**2/2 - 1162*p. Calculate h(18).
71
Let o(d) be the second derivative of 0*d**2 + 0*d**3 - 36*d - 1/6*d**4 + 0. What is o(1)?
-2
Let n(c) = -794*c**2 + c + 822*c**2 - 14*c. Let m(p) = -13*p**2 + 6*p. Let u(i) = 13*m(i) + 6*n(i). What is u(-1)?
-1
Suppose 32*d - 14*d = 72. Suppose -y + d = 0, -s + 5*y = -2 + 14. Let k(v) = -v**2 + 6*v + 11. Calculate k(s).
-5
Let d(w) = -w + 37. Let i = 35172 + -35130. Give d(i).
-5
Let f(m) be the second derivative of m**4/12 + m**3 + 3*m**2 + 108*m - 1. What is f(-11)?
61
Let c be ((-8)/(-28))/((-3)/(-42)). Suppose c*v + 4*m - 16 = 0, m + 0*m + 26 = 4*v. Let p(j) = j**2 + 0 + 0*j**2 + j**3 + v*j + 5*j**2 + 1. Determine p(-4).
9
Suppose 136 + 42 = -42*g - 116. Let m(i) be the second derivative of -2*i - 1/20*i**5 + 0 - 3*i**2 + 0*i**3 - 7/12*i**4. Calculate m(g).
-6
Let l(n) = 8*n - 4. Suppose 17*i = -10*i + 189. Determine l(i).
52
Let v(t) = 2*t**3 - 10*t**2 + 4*t + 5. Let x(n) = n**2 - 84*n - 1044. Let i be x(-11). Give v(i).
1
Let i(o) = o**2 - 7*o - 8. Let p be i(11). Let w = 43 - p. Let b(h) be the second derivative of h**4/12 - h**3 + 10*h. Calculate b(w).
7
Let q(w) = 105 + 33026*w + w**2 - 66007*w + 33003*w. Determine q(-12).
-15
Let w be -7 + (294/(-7))/7 + 0. Let j(g) = -g**3 - 14*g**2 - 13*g + 6. Determine j(w).
6
Let v = 2 - -1. Let d = 5159 + -5159. Let k(t) = 1 + t**2 - t - 8*t**3 - t**3 + d*t**3 + 8*t**v. Give k(1).
0
Let l(i) = -i - 14. Suppose -4*d = -w + 8, 101*w - 96*w - 3*d = 6. Determine l(w).
-14
Let c = -131 + 136. Let q(k) = 15*k**2 - 1 + 6*k - k**3 - 10*k**2 + c*k**2. Let b(d) = d**2 + d. Let i(w) = -5*b(w) + q(w). What is i(5)?
4
Let t(z) = 5 - 170*z + 5*z**2 - 152*z + 318*z. Let s be -1 + (2 - (1 - 1)). Give t(s).
6
Suppose -149 = -36*s - 56 + 123. Let l(z) be the second derivative of -4*z**3/3 - 5*z**2/2 - 5*z. Calculate l(s).
-53
Let g(n) = -5*n**2 - 19*n + 7. Let q(r) = 9*r**2 + 37*r - 14. Let a(o) = -11*g(o) - 6*q(o). Let f(m) = 308*m + 2785. Let z be f(-9). Determine a(z).
7
Suppose 0 = 3*x - 49 - 2. Let q(i) = -18*i**2 + x*i + 28 - 3*i + 9*i - 2*i - i**3. Let s be q(-19). Let v(f) = f**2 + 11*f + 6. Determine v(s).
-4
Let b(d) be the third derivative of -49*d**6/120 - d**5/60 - 6*d**2 - 287*d. Determine b(1).
-50
Suppose -6 = 3*j - 5*j. Let v(n) be the first derivative of -n**4/4 + 2*n**3/3 + 2*n - 4122. Give v(j).
-7
Suppose 42 = 20579*s - 20572*s. Let v(a) = a**2 - 8*a + 9. Calculate v(s).
-3
Let r(f) be the second derivative of -f**4/6 - 5*f**3/2 - 19*f**2/2 + 25*f. Let x be r(-5). Let u(n) = 2*n - 13. Calculate u(x).
-1
Let v(p) be the second derivative of 3*p + 1/2*p**2 + 0 + 3/2*p**3. Let a = 96